462?
-b5486
In base 4, what is 3 - 3121232120320?
-3121232120311
In base 2, what is -110001110011011110000011 + 1?
-110001110011011110000010
In base 9, what is 24 + -16786736?
-16786712
In base 5, what is -2214202223 + -1?
-2214202224
In base 16, what is 8fad298 - 0?
8fad298
In base 8, what is 230741504 + -3?
230741501
In base 9, what is 1023 + 2616?
3640
In base 5, what is 0 + 440011231?
440011231
In base 6, what is 30 + -5525443?
-5525413
In base 15, what is 0 + 22c5c1b?
22c5c1b
In base 6, what is 5 - -3023421230?
3023421235
In base 16, what is -f5d + 256?
-d07
In base 14, what is 5 + -8402551?
-840254a
In base 14, what is -539d5 + -a?
-53a01
In base 7, what is -3266106556 + -5?
-3266106564
In base 5, what is 2144 + -2032103?
-2024404
In base 9, what is -1656723 + -45?
-1656768
In base 14, what is 2c0a7 - -80?
2c147
In base 14, what is -d6c194 + b?
-d6c187
In base 6, what is -21035235 + -210?
-21035445
In base 13, what is 9 - -14487893?
1448789c
In base 7, what is -2 - 145560451?
-145560453
In base 5, what is -432 + 2433034220?
2433033233
In base 4, what is 1 + -102333023?
-102333022
In base 11, what is 65a + -45648?
-44a99
In base 10, what is -78 + -112347?
-112425
In base 14, what is 7aa00d - -4?
7aa013
In base 2, what is -1010001000011100011010100 - 11?
-1010001000011100011010111
In base 14, what is -4 + -28a1a780?
-28a1a784
In base 12, what is -1008965 + -3?
-1008968
In base 4, what is 0 - -232231021131?
232231021131
In base 13, what is -93c12c8a + 5?
-93c12c85
In base 7, what is -5 - -103103122?
103103114
In base 16, what is 8 - -125b89?
125b91
In base 13, what is -5 + -97aac02?
-97aac07
In base 11, what is 280863a - -176?
2808805
In base 3, what is 1200011112101010 - -11?
1200011112101021
In base 6, what is 1143 - 425434?
-424251
In base 11, what is -8a5 - -6832?
5a38
In base 12, what is -a69b - -2b18?
-7783
In base 11, what is 322 + 41258?
4157a
In base 2, what is 11001111 - 1000100010110?
-1000001000111
In base 12, what is -6869 + 200?
-6669
In base 15, what is -c + 3a81c6b?
3a81c5e
In base 10, what is -85900844 + -3?
-85900847
In base 12, what is 2 + 1170391?
1170393
In base 6, what is 4 - 131053012?
-131053004
In base 2, what is -11 + -1101101100001010010001?
-1101101100001010010100
In base 11, what is -1267a3 - -a2?
-126701
In base 4, what is 231303 + 1333211?
2231120
In base 5, what is 11 - 10234420202?
-10234420141
In base 4, what is -10023330 - -21130231?
11100301
In base 8, what is -1741 - -107025?
105064
In base 15, what is 177a07d - 9?
177a074
In base 11, what is 19 - -193116a9?
19311717
In base 13, what is -1500 - b23c?
-c73c
In base 7, what is 3322603526 - -10?
3322603536
In base 2, what is 11 + -10101110000100101111?
-10101110000100101100
In base 7, what is -32105440 + 14?
-32105423
In base 7, what is 2145545 + -5360?
2140155
In base 7, what is 3 + 21153436?
21153442
In base 4, what is 13 + 123001231213?
123001231232
In base 8, what is 76 + 1621262?
1621360
In base 5, what is -1331131103144 + 4?
-1331131103140
In base 10, what is 76300532 + -5?
76300527
In base 9, what is -7365 + 1775?
-5480
In base 13, what is -39 + 1b9ba3?
1b9b67
In base 3, what is -122122110210110 - 10?
-122122110210120
In base 10, what is -226 + -16162?
-16388
In base 3, what is -112 + -10110101121011?
-10110101121200
In base 13, what is 5ccb - 17?
5cb4
In base 15, what is -2809 + 336e?
a65
In base 16, what is -2 + -3f32d54?
-3f32d56
In base 2, what is -11001011010101 + 10110011101110001?
10011010010011100
In base 2, what is 101010000010100010000 + 100111101?
101010000011001001101
In base 6, what is -102353353 + -1330?
-102355123
In base 7, what is -1 - 4215636?
-4215640
In base 3, what is 21200210 + -210002220?
-111102010
In base 2, what is -101100111111001100001 - 10000001?
-101100111111011100010
In base 12, what is -2a612 - 21?
-2a633
In base 16, what is c622a7 + -6?
c622a1
In base 5, what is 1 - -311032221?
311032222
In base 4, what is -201002 + -12032100?
-12233102
In base 7, what is 3330 + 34623?
41253
In base 6, what is -14 - -35043030?
35043012
In base 14, what is -b9b - 7201?
-7d9c
In base 2, what is 10111100110000000000100010010 - 100?
10111100110000000000100001110
In base 12, what is 1a541 + -9b59?
105a4
In base 13, what is 0 - -1652441?
1652441
In base 4, what is -13223130331223 - 3?
-13223130331232
In base 15, what is 281 - 84e?
-5bd
In base 12, what is -2 + 2277a32?
2277a30
In base 8, what is -1230 - 76103?
-77333
In base 7, what is -141244 + -362?
-141636
In base 13, what is -3 + -924536?
-924539
In base 10, what is 3576991 + 1?
3576992
In base 10, what is 95 - -299580?
299675
In base 7, what is -206604601 + -2?
-206604603
In base 2, what is 1011011101111111000 + 1001101?
1011011110001000101
In base 7, what is -151614450 - -13?
-151614434
In base 15, what is 5 - 24548?
-24543
In base 6, what is -344 + -3251051?
-3251435
In base 11, what is 94530 + -13a0?
93140
In base 10, what is 238 + -37099?
-36861
In base 2, what is -101111101011011100101 - -1001?
-101111101011011011100
In base 5, what is -2201404 - 12014?
-2213423
In base 13, what is -2218 - -81c84?
7ca69
In base 10, what is 7613431 - 4?
7613427
In base 15, what is -5 - 3b9512?
-3b9517
In base 12, what is -b + 263530?
263521
In base 13, what is 8 - -336024a?
3360255
In base 7, what is -40413 - 3204?
-43620
In base 7, what is -1054 + -5216034?
-5220121
In base 11, what is -858899 + -7?
-8588a5
In base 12, what is 1a6 - 785a7?
-78401
In base 2, what is -10000011111001000100010000001 - 1?
-10000011111001000100010000010
In base 4, what is 12311222101 - -20030?
12311302131
In base 6, what is -522 - -145320325?
145315403
In base 9, what is -22148013 + 3?
-22148010
In base 5, what is -3303220100 - -3?
-3303220042
In base 2, what is 1010111001 - 10111000100010000?
-10110111001010111
In base 2, what is 101111101010 - -101001101010001110?
101010011001111000
In base 6, what is -15 - -15114104?
15114045
In base 8, what is -3 - 1045243233?
-1045243236
In base 15, what is -16 + 3d12ce?
3d12b8
In base 4, what is 2312230003311 - -11?
2312230003322
In base 14, what is -c3 + 357cc3?
357c00
In base 4, what is 30002132 - 1113110?
22223022
In base 15, what is -188 + -32727?
-328b0
In base 10, what is 372742 + 29?
372771
In base 8, what is -4101737677 + -1?
-4101737700
In base 8, what is -46371310 + -14?
-46371324
In base 16, what is -51d0f7d + 5?
-51d0f78
In base 13, what is -35 - 201c34?
-201c69
In base 15, what is 659eba + 4?
659ebe
In base 4, what is -20 - 3222212320?
-3222213000
In base 16, what is -15c + 7015?
6eb9
In base 11, what is -3018 - 6896?
-9903
In base 16, what is 16 - -ba66ed?
ba6703
In base 11, what is -1303 + -4a2aa?
-50602
In base 13, what is 2 + 66baab?
66bab0
In base 9, what is -5 + -26125136?
-26125142
In base 3, what is 20100220 + 222020100?
1012121020
In base 2, what is -110101010011110100001 - -110?
-110101010011110011011
In base 5, what is -1323443231 + 11?
-1323443220
In base 6, what is 2533 + 1025112?
1032045
In base 15, what is -2 + -26ad7a?
-26ad7c
In base 6, what is -310045344 + -11?
-310045355
In base 3, what is 2021102112 - 2020?
2021100022
In base 8, what is -4 + 5551205?
5551201
In base 7, what is 320356 - -56?
320445
In base 16, what is 4 - -1724d8?
1724dc
In base 12, what is 23a521 - -7?
23a528
In base 2, what is -11000 + 10110001001001011001010?
10110001001001010110010
In base 3, what is 2 - 11001010222012?
-11001010222010
In base 7, what is 56415430413 - -1?
56415430414
In base 16, what is 9bf2 + 428?
a01a
In base 12, what is -5 - 446b773?
-446b778
In base 16, what is -4 - 897e72?
-897e76
In base 2, what is 1110011 + 110110100001100100?
110110100011010111
In base 9, what is 187382 - -164?
187556
In base 13, what is 39 - 186aa?
-18671
In base 13, what is -1007 - 6ac6c?
-6bc76
In base 8, what is 31746 + 337?
32305
In base 12, what is 2 + 3a427b2?
3a427b4
In base 13, what is -244155 - 3?
-244158
In base 10, what is 103653217 - -6?
103653223
In base 7, what is 55030154114 + -4?
55030154110
In base 8, what is 122710 + 6564?
131474
In base 6, what is 21445110 + -14?
21445052
In base 7, what is 142 + -1565652?
-1565510
In base 6, what is -115043 + 14410?
-100233
In base 10, what is -866 + 713381?
712515
In base 12, what is 1284b0b + -10?
1284abb
In base 6, what is -3